171)/(-12) - u/4. List the prime factors of ((-24)/(-7))/(2/z).
2, 3
Suppose 3*c + 147 = -3*p, 3*p - 112 = 3*c - p. Let s(r) = -r**3 - 45*r**2 - 68*r - 3. List the prime factors of s(c).
3, 13
Suppose 5*k - 8*k = -9, 0 = -4*x + 5*k + 6149. What are the prime factors of x?
23, 67
Let d(q) = 504*q + 2858. What are the prime factors of d(-3)?
2, 673
Let l = -2740 - -2749. Let o(a) = -5*a**3 - 20*a**2 - 24*a + 1. Let t(j) = 3*j**3 + 10*j**2 + 12*j. Let m(k) = -4*o(k) - 7*t(k). List the prime factors of m(l).
5, 37
Suppose 7*j = -13*j + 33300. Suppose -16*t + j = 529. List the prime factors of t.
71
Let m(a) = a**3 + 6*a**2 + a + 10. Let b be m(-6). Suppose -3 = b*c + 5*q, 0 = 4*c - q + 8 + 25. Let u(x) = 3*x**2 - x - 25. List the prime factors of u(c).
3, 43
Let g(c) = c**2 + 8*c + 5822. What are the prime factors of g(164)?
2, 5, 41, 83
Suppose 18 = -3*s - 5*l, 0 = -5*s - l + 6*l + 10. Let j(r) = -215*r + 4. Let u be j(s). Let m = u + -82. List the prime factors of m.
137
Let c = -1 + 2. Let t(l) = 2*l**3 + 60*l**2 - 63*l - 28. Let i be t(-31). Suppose w + c = 0, 5*w - 40 - 24 = -i*f. List the prime factors of f.
23
Let r(a) = -a**2 + 4*a + 6. Let s be r(4). Suppose 2*v = 4*b - 3032, -8*b = -12*b + v + 3036. What are the prime factors of s/4*b/12?
5, 19
Let d be -2 + 40/(-3 - -7) - 5. List the prime factors of (d - 1/1) + (888 - -21).
911
Let t(w) = -6*w**2 - 27*w. Let i(b) = b**3 + b**2 + b. Let y(r) = i(r) + t(r). What are the prime factors of y(13)?
2, 3, 13
Let t(y) = -53*y**3 - y**2 - 6*y - 2. Let b be t(-2). Suppose -5*o + 6*o = b. List the prime factors of o.
2, 5, 43
Let h = 972 + -140. Suppose -30*d + h = -28*d. List the prime factors of d.
2, 13
Suppose 5*b - 11932 = -3022. Suppose 18*i - b = 7*i. What are the prime factors of i?
2, 3
Let t = 29430 - 18123. What are the prime factors of t?
3, 3769
Let f = -18 + 23. Suppose f*k + 24 = t, 5*t - k = -0*k + 216. Let q = -10 + t. What are the prime factors of q?
2, 17
Suppose -7*n = -6703 - 5519. Suppose 21*s - 19*s - n = 0. List the prime factors of s.
3, 97
Suppose 47155 = u + 2*y, 0 = 116*u - 114*u - y - 94320. What are the prime factors of u?
7, 6737
Let l(d) = -4*d**3 - 8*d**2 + 14*d + 17. Let y(b) = -8*b**3 - 15*b**2 + 29*b + 35. Let m(n) = 9*l(n) - 4*y(n). What are the prime factors of m(-7)?
727
Let l(n) = -5*n**3 - 31*n**2 - 340*n + 55. List the prime factors of l(-25).
3, 5, 7, 641
Let z(p) = 72*p**2 + p - 9. Let v be z(-4). Suppose -w + 589 = n, 3*w + v - 2902 = -4*n. What are the prime factors of w?
593
Let a = 14360 + -3944. What are the prime factors of a?
2, 3, 7, 31
Let h(q) = -10*q**3 - 21*q**2 - 19*q - 305. List the prime factors of h(-15).
5, 5801
Suppose -2*l = -2*r + 51072, -4*r + 5*l + 22836 = -79304. What are the prime factors of r?
2, 5, 1277
Let u = -378 - -386. What are the prime factors of 5 + (14/u)/(14/7448)?
2, 3, 13
Let k = -6001 - -10656. List the prime factors of k.
5, 7, 19
Let g(f) = -2*f**2 - f + 5. Let a be g(2). Let n be (5/a - 0)*10. What are the prime factors of 1/1 - n/10?
2
Suppose 0 = -2*m + 4*s + 6, 10*m + 3*s + 2 = 9*m. What are the prime factors of m*(-23690)/(-30) - 3/(-9)?
2, 5, 79
Suppose 185 = -3*n + 173, 3*f = n + 79750. List the prime factors of f.
2, 13291
Suppose -22*u + 5*x + 59150 = -17*u, 7*u + x = 82770. List the prime factors of u.
5, 11, 43
Suppose 0 = 7*n + 5*n + 5820. What are the prime factors of (-4 + 0)/(10 - (-4860)/n)?
2, 97
Let y(s) = 5*s**2 - 12*s - 1 - s**2 - 9*s**2 + 6*s**2 + s**3. List the prime factors of y(12).
11, 157
Suppose 9*w - 2717 = 505. Suppose 23*m = 3509 - w. What are the prime factors of m?
137
Suppose -2*a - 852 - 512 = 0. Let w = -86 - a. List the prime factors of w.
2, 149
Let w(n) = -2*n**2 - 18*n - 16. Let j be w(-9). Let a be (j/(-2))/(2/21). What are the prime factors of (1 - -1)*a/2?
2, 3, 7
Suppose 83*b = 94*b - 57970. Suppose m = -9*m + b. What are the prime factors of m?
17, 31
Let p(i) be the third derivative of 0*i + 22/3*i**3 + 39*i**2 + 0 + 1/60*i**5 + 1/8*i**4. List the prime factors of p(-11).
2, 3, 11
Let f(m) = m**2 - 4*m + 921. What are the prime factors of f(30)?
3, 7
Let b(d) = d**3 + d**2 + 6*d - 23. Let y be b(0). Let z(a) = -16*a - 123. List the prime factors of z(y).
5, 7
Let n(t) = -t**2 - 6*t - 6. Let q be n(-6). Let z be (0 - (q + 3)) + (0 - -3). Suppose g + 325 = z*g. List the prime factors of g.
5, 13
Let z(c) = 9*c + 6420. What are the prime factors of z(0)?
2, 3, 5, 107
Suppose 56 = 2*z + 52. Suppose 3*n - z*l = -39, -3*n - l - 45 = -5*l. Let k = -2 - n. What are the prime factors of k?
3
Suppose 221*o - 236245 = -5*n + 223*o, -2*n - 4*o = -94498. What are the prime factors of n?
37, 1277
List the prime factors of (17401/(-3))/((-169)/39 - 8 - -12).
17401
Let d be -2 + 7 - (-4 + 8 + -2). Suppose -4*c - 736 = -2*i, -5*c + 4*c = d*i - 1125. List the prime factors of i.
2, 11, 17
Suppose 0 = -336*t + 345*t - 15462. List the prime factors of t.
2, 859
Let o(g) = g**3 - 93*g**2 + 279*g + 323. What are the prime factors of o(90)?
11, 103
Suppose 0*b - 4*x - 72 = 4*b, -x + 14 = -b. Let u be (b - -1) + (5 - 9). Let s = u - -33. List the prime factors of s.
2, 7
Let m be 1312/40 + (-2)/(-10). Suppose 31*l + 534 = m*l. List the prime factors of l.
3, 89
Suppose p + 7*a = 12*a + 6321, 0 = -3*p + 2*a + 18976. What are the prime factors of p?
2, 3163
Let q(l) = l**2 + 4. Let s be q(-2). Suppose -3*v - v + 5*p = -28, 2*v - p = s. Suppose -w - w = 5*a - 321, -199 = -3*a + v*w. List the prime factors of a.
5, 13
What are the prime factors of 4830 + 7 + (-13 - -5) + -1?
2, 17, 71
Let o be 16/(-4) + 24 + 0. Suppose 0 = -6*z + 62 - o. List the prime factors of (5 - z)/(2/(-154)*2).
7, 11
Suppose 719084 = 55*y + 185199. What are the prime factors of y?
17, 571
Suppose 5*h + 13 = -7. Let r(b) = b**2 - 24*b + 116. Let t be r(0). What are the prime factors of t + (-7 - h - -1)?
2, 3, 19
What are the prime factors of (8253/4)/((-2)/(96/(-9)))?
2, 3, 7, 131
Suppose -4*a - 18 = -18. Let p be 1*(2 + a) + 2. Suppose 4*t = -4*c + 248, c - 2 = -p. What are the prime factors of t?
2
Suppose 0 = n - 14 + 12. Suppose -2*p - n*c = -7*p + 2480, -3*p + 1477 = c. List the prime factors of p.
2, 13, 19
Suppose 28 = 6*h + 4. Let g = 508 - 508. Suppose g = 3*v - 5*t - 808, -t + h*t - 12 = 0. What are the prime factors of v?
2, 3, 23
Let y be (-2 + 1)/((-2)/(-6)). Let s(z) = -68*z + 1354 - 733 - 615. What are the prime factors of s(y)?
2, 3, 5, 7
Suppose 5 = -3*v + 5*v - n, 5*n = -5*v + 50. Suppose -a - 3*p + 502 = -0*a, 5*p = -v*a + 2560. What are the prime factors of a?
11, 47
Let x = 1959 - 3303. Let p be x/(-10) - (-34)/(-85). Suppose p = -0*j + j - 4*i, -4*j + 3*i = -471. List the prime factors of j.
2, 3, 19
Suppose -14*y - 40 = -19*y. Let n(c) = c**3 - 5*c**2 + 8*c - 2. Let v be n(y). Suppose -4*h + 856 - 221 = 5*a, -2*a = -3*h - v. What are the prime factors of a?
127
What are the prime factors of ((-9612)/(-10))/(858/40040)?
2, 3, 7, 89
Let r(c) be the third derivative of -22*c**2 + 0 + 0*c - 17/24*c**4 - 1/60*c**5 - 19/6*c**3. List the prime factors of r(-7).
3, 17
Let s(r) = -2*r**3 - 4*r**2 - 3*r - 3. Let j be s(-5). Let x = 93 + j. What are the prime factors of x?
3, 5, 17
Let z be (-35)/3*(-1 + -2). Let w = 43 - z. Suppose -124 = 3*m - w*m + q, 49 = 2*m - q. What are the prime factors of m?
5
Let z(i) = 12*i**2 + 2. Let n be z(1). Suppose n*m = 18*m + 2624. What are the prime factors of 5/((-20)/m)*1?
2, 41
Let c = -15 - -13. Let g = 1 + c. Let a(y) = 38*y**2 - y. List the prime factors of a(g).
3, 13
Let g = 290 + -294. What are the prime factors of (-6)/g - (-45322)/68?
2, 167
Suppose 5*c + 31130 = t, 3*t + 2*c - 56510 = 36829. What are the prime factors of t?
5, 7, 127
Let g be (1/2)/((-1)/2). Let d(j) = 4 + 617*j - 1842*j + 194*j**2 + 615*j + 613*j - 2. List the prime factors of d(g).
193
Suppose 0 = 195*i - 198*i - 5*n + 206856, 4*i - 275794 = -2*n. List the prime factors of i.
68947
Suppose 1 = 3*j + 4*z, 0 = -j - z - 11 + 12. Suppose 2*s - k = 353, k = -2*s + j*k + 350. List the prime factors of s.
2, 89
Suppose -35*m = 66*m + 7*m - 1412208. List the prime factors of m.
2, 7, 467
Let p = 14645 - 590. List the prime factors of p.
3, 5, 937
Let h = 37 + 15219. What are the prime factors of h?